r) = g(r) - 2*h(r). Is 23 a factor of w(-4)?
False
Suppose 2*y = -0*y + 652. Suppose 5*t - k = y, -4*t + 272 = -2*k + 4*k. Does 11 divide t?
True
Suppose -k + 24 = -5*k. Let d = k + 32. Suppose 6 = -2*u, -w + d = -0*w + 4*u. Is 19 a factor of w?
True
Suppose 6041 = -33*c + 35741. Is 10 a factor of c?
True
Suppose 5*f = -0*f + 115. Suppose 20*c + 138 = f*c. Is 23 a factor of c?
True
Suppose -34784 - 26716 = -25*g. Is 12 a factor of g?
True
Let c = -2 + 8. Suppose -3*z = -c*z + 81. Is 9 a factor of z?
True
Let c = -26 + 23. Let l = 15 + c. Does 6 divide l?
True
Let q = 176 - 71. Let i = q - 93. Is i a multiple of 12?
True
Suppose -2 = 3*t - 11. Suppose -42 = -d - t*d - 2*z, 2*z - 12 = -d. Is d a multiple of 10?
True
Let m = 2 - -1. Let v be m*(30/9 - 0). Suppose 0 = 3*d - 5 - v. Does 2 divide d?
False
Suppose -642 = -13*t - 122. Is t a multiple of 3?
False
Suppose 3*l + 19 = l - x, -5*l - 4*x = 49. Let a(f) = 2*f**2 - 9*f + 2. Let w(q) = q**2 - q + 1. Let h(y) = -a(y) + 3*w(y). Is h(l) a multiple of 14?
True
Does 39 divide (-35516)/(-26) + (2 - 3)?
True
Let k be 30/(-6) + 32*(-3)/(-1). Suppose -2*d = 129 - 1. Let f = k + d. Does 17 divide f?
False
Suppose 0 = 3*t + 2*t - 5. Is (-1214)/(-8) - (-4)/16*t a multiple of 38?
True
Let k = 632 - 310. Does 14 divide k?
True
Let f(b) be the first derivative of b**4/4 + b**3/3 + b**2 - 8*b - 7. Is 20 a factor of f(4)?
True
Let r = 140 - 115. Is r a multiple of 2?
False
Suppose -5*u - 96 + 16 = 0. Let r = u - -166. Is r a multiple of 15?
True
Suppose 2498 = -43*o + 45*o. Is o a multiple of 78?
False
Let r be 3/(-3*2)*(-3 - 9). Suppose 6 = -r*t + 42. Is 6 a factor of t?
True
Let z(q) = 8*q + 22. Is 14 a factor of z(1)?
False
Let x(r) = -6*r - 2. Let o(f) = -f. Let t(m) = -12*o(m) + 3*x(m). Let k be t(-6). Suppose -2*h - k = -40. Is h a multiple of 3?
False
Let a(s) = s**2 + 8*s + 4. Let k be a(-5). Suppose 3*g - 4*v = 69, -5*g + 19*v + 89 = 21*v. Let l = g + k. Is l a multiple of 2?
True
Let d = 1270 - 739. Is d a multiple of 8?
False
Let c = -5 - -4. Let b be 158 - (c - -3) - 0. Suppose -4*z + b = -3*d, -160 = -z - 3*z + 4*d. Is z a multiple of 8?
False
Let p(i) = -6*i + 25. Let v(f) = 7*f - 24. Let s(x) = 6*p(x) + 5*v(x). Is s(15) even?
False
Suppose -283*h + 261*h + 880 = 0. Does 5 divide h?
True
Let b = -28 + 24. Is 9 a factor of ((-1)/(b/144))/(1 - 0)?
True
Suppose -3*h = -3*i - 288, -4*i - 213 - 80 = -3*h. Is h a multiple of 10?
False
Suppose 0 = 18*m - 604 - 764. Is 4 a factor of m?
True
Suppose 4*b - 4 = 12. Let j(z) be the second derivative of z**5/20 - z**4/6 + 5*z**3/6 + z**2 + 9*z. Does 18 divide j(b)?
True
Let v = 372 - 132. Is 40 a factor of v?
True
Let p(g) = g + 11. Let c be p(-8). Suppose c*t = -u + 121, 75 = t + t - 5*u. Suppose 0 = 5*a + 2*s - t, 4*a + 2*s - 24 = a. Is 8 a factor of a?
True
Suppose -1 = 2*t + 2*l - 5, 5*t - 4*l = 10. Does 38 divide (3 + -4)*t - -269?
False
Suppose 19 + 33 = 4*q. Let l = q + 15. Is l a multiple of 28?
True
Let b = -225 - -267. Is 3 a factor of b?
True
Does 8 divide ((-144)/30)/(3/(-180))?
True
Let n(t) = 17*t - 17. Let f be n(6). Suppose -f = -3*k + 299. Does 28 divide k?
False
Let f = -7403 + 10781. Does 21 divide f?
False
Suppose 2*q = d + 6, -q = q - 4*d. Suppose -q*g + 7*g = 687. Let y = g - 132. Is 25 a factor of y?
False
Let d be ((12/8)/3)/((-1)/(-6)). Is 31 a factor of (12/(-16))/(d/(-816))?
False
Let z(u) = -u**2 - 98*u + 844. Is z(-85) a multiple of 10?
False
Suppose 2*w - 38 = -3*k + 14, 3*w + k - 71 = 0. Suppose 22 = 2*c + 5*r, 0*r + r - 6 = -2*c. Let h = w - c. Is h a multiple of 11?
True
Let x(v) = -24*v - 144. Is x(-18) a multiple of 52?
False
Suppose -7 = -2*t - 3. Suppose 745 = 5*d + 5*y, t*d - y + 445 = 5*d. Does 37 divide d?
True
Let m = 43 + -31. Suppose 9*w - 5*w + m = 0. Is 26 + 2 + (w - 1) a multiple of 6?
True
Let q(v) = -v**2 + 4*v - 3. Let g be q(3). Let n be 1/((-1 - g)/(-82)). Suppose l - 9 - 47 = 4*a, 2*a = -2*l + n. Does 18 divide l?
False
Let o(x) = -x**2 - 9*x - 6. Is o(-5) a multiple of 2?
True
Let u(j) = j**3 + 2*j**2 - 5*j - 4. Let v be u(-3). Suppose 64 = 2*x - 4*q - 74, -5*x = -v*q - 385. Let y = -23 + x. Is 28 a factor of y?
True
Let r be ((-261)/36)/(2*2/(-176)). Suppose 14*u = -39 + r. Does 5 divide u?
True
Suppose 2*m = -0*m. Suppose d + 0*o = -o + 24, m = -4*d - o + 96. Let h = -14 + d. Does 5 divide h?
True
Let i be 2/6*(1 + 8). Let j(h) = 5*h**2 - 2*h - 4. Let s(r) = -5*r**2 + 3*r + 4. Let x(a) = 5*j(a) + 4*s(a). Is 12 a factor of x(i)?
False
Let x(w) = 26*w**2 - 11*w + 14. Does 9 divide x(2)?
False
Let f(m) = -m**3 - 23*m**2 + 4. Let d be f(-23). Is 16 a factor of ((-24)/(-36))/(d/174)?
False
Is 27 a factor of (-42)/35*(-8435)/14?
False
Let a(t) be the first derivative of -2*t**3/3 - 3*t**2 - 3*t - 3. Let n be a(-4). Is 16 a factor of n/22 + (-258)/(-4)?
True
Let l = -24 + 27. Suppose 4*i = l*i. Does 22 divide (i - 100/(-4))/1?
False
Is 30 a factor of 9503/117 + 2/27*-3?
False
Let c = 2101 - 1469. Is c a multiple of 79?
True
Suppose -29*f + 33*f = 724. Suppose -s = 1, 5*q - 5*s - f = q. Is q a multiple of 10?
False
Suppose 0 = 2*f - 0 - 60. Let b be ((-16)/(-10) + 0)*f. Suppose 7*y - 4*y - b = 0. Is 5 a factor of y?
False
Does 57 divide -1909*(8 + -5 - 4) - 3?
False
Let q(f) = f**2 - 21*f - 156. Does 5 divide q(-12)?
True
Let d = -239 + 574. Is d a multiple of 10?
False
Suppose -255 - 175 = 5*g. Let n = g + 213. Is n a multiple of 18?
False
Suppose j + 4*j = -o - 3, -2*o = 4*j. Suppose -6 = -f + 3*b, 5*f - 3*b - o*b = 10. Suppose f = -2*i + i + 45. Is i a multiple of 15?
True
Let z(g) = g**3 - g**2 + g - 2. Let a be z(2). Suppose -5*p + 379 = a*h, -5*h = -4*p - 5 + 300. Is p a multiple of 15?
True
Suppose -6*g + 29*g = 14421. Does 33 divide g?
True
Suppose -5*j - 871 + 1806 = 0. Is 17 a factor of j?
True
Suppose -27*p - 190 = -28*p. Is 29 a factor of p?
False
Let y = 126 + -67. Is y a multiple of 11?
False
Let p(l) = -3*l**3 + 6*l**2 - l + 24. Is p(-6) a multiple of 16?
False
Let c = 61 + -40. Let p = c - -16. Is 37 a factor of p?
True
Let s = -212 - -308. Is 12 a factor of s?
True
Let m be (-3)/(-12) + (-225)/(-12). Suppose -42 = -m*k + 16*k. Let l = -12 + k. Does 2 divide l?
True
Let o(l) = -141*l - 108. Does 62 divide o(-10)?
True
Let c(i) be the third derivative of 7*i**5/60 - 13*i**4/24 - i**3/6 - i**2. Let d(f) = 3*f**2 - 6*f - 1. Let t(m) = 4*c(m) - 9*d(m). Is 17 a factor of t(4)?
False
Let t = 6 - -47. Suppose 0 = -7*r + t + 108. Does 18 divide r?
False
Suppose 0 = 324*v - 335*v + 1705. Is 8 a factor of v?
False
Let b = 23 - 12. Let i = 7 + b. Is i a multiple of 18?
True
Let h(o) = o**3 - 10*o**2 - 12*o + 27. Let i be h(11). Suppose -a + 3*a - i = 0. Suppose a = -4*v + 44. Does 2 divide v?
False
Let m(j) = j**2 + 6*j + 10. Let o be m(-4). Suppose o*a + 31 = -i + 143, 3*i - 2*a = 328. Is i a multiple of 22?
True
Suppose 5*z + 3 = 2*z. Let l be (6 - 3) + z + -2. Suppose -5*w + b = -255, l*b - 165 = -3*w + 3*b. Does 25 divide w?
True
Suppose -35*w - 3311 + 37961 = 0. Is 45 a factor of w?
True
Let w be 54/(-1 + 0/3). Let j = 126 + w. Is j a multiple of 8?
True
Let s be (0/2)/(2*(4 + -5)). Suppose -2*z = -2*t + 5*t - 233, -3*t - 3*z + 237 = s. Is 10 a factor of t?
False
Let j(n) = -n**3 - 25*n**2 + 55*n + 29. Let k be j(-27). Suppose -32 - 292 = -k*f. Is 13 a factor of f?
False
Let s = -45 - -87. Does 3 divide ((-12)/s + 16/7)*6?
True
Suppose 27*n = 21*n + 2052. Is 18 a factor of n?
True
Suppose 7*u - u = -24. Is u/14 - (2742/(-42) + 2) a multiple of 21?
True
Let b = -131 - -317. Is b a multiple of 31?
True
Let n(u) = 293*u**3 - u**2. Let h be n(1). Suppose -h + 1188 = 8*k. Does 16 divide k?
True
Let x = 67 + 122. Is x a multiple of 21?
True
Let s be 600/(-33) + (-4)/(-22). Is 24 a factor of (-1148)/(-24) - 1*3/s?
True
Let n = -8 - -9. Is 36 a factor of 4/28 + ((-3120)/(-14))/n?
False
Suppose -p - 16 = -5*d - 0, 0 = -5*d + 5*p + 20. Let z(m) = 2 - d + m**2 - 4*m + 8*m. Does 11 divide z(-6)?
True
Let n be 304/133 - 4/14. Does 3 divide 20/15 + 33/9 + n?
False
Suppose -2*o + 16 = -4*s, -o = -5*o - 4*s + 32. Let y(z) = z**3 - 12*z**2 + 37*z - 12. Is y(o) a multiple of 18?
False
Let h = 26 + -43. Let n = 54 - h. Is n a multiple of 17?
False
Let w(v) = 8*v + 19. Let i be w(-2). Suppose 0*f + 5*q = -3*f + 373, q